{"id":12,"date":"2017-01-21T15:03:45","date_gmt":"2017-01-21T14:03:45","guid":{"rendered":"http:\/\/ny.soejberg.dk\/?page_id=12"},"modified":"2017-01-21T21:30:21","modified_gmt":"2017-01-21T20:30:21","slug":"kontakt","status":"publish","type":"page","link":"https:\/\/soejberg.dk\/?page_id=12&lang=da","title":{"rendered":"Kontakt"},"content":{"rendered":"<p>Du kan kontakte os p\u00e5 flere m\u00e5de. Her p\u00e5 siden er der en kontaktform som du kan bruge.<br \/>\n Desuden p\u00e5 vores email <strong><a href=\"mailto:ole@soejberg.dk\">ole(a)soejberg.dk<\/a><\/strong> og p\u00e5 vores mobilnummer <strong>+45 61 54 42 21<\/strong> &#8211; hvor SMS ogs\u00e5 er muligt.<\/p>\n<p>Se stort kort <a href=\"http:\/\/ny.soejberg.dk\/?page_id=61\">her!<\/a><\/p>\n","protected":false},"excerpt":{"rendered":"<p>Du kan kontakte os p\u00e5 flere m\u00e5de. Her p\u00e5 siden er der en kontaktform som du kan bruge. Desuden p\u00e5 vores email ole(a)soejberg.dk og p\u00e5 vores mobilnummer +45 61 54 42 21 &#8211; hvor SMS ogs\u00e5 er muligt. Se stort kort her!<\/p>\n","protected":false},"author":2,"featured_media":60,"parent":0,"menu_order":0,"comment_status":"closed","ping_status":"closed","template":"","meta":{"footnotes":""},"class_list":["post-12","page","type-page","status-publish","has-post-thumbnail","hentry"],"_links":{"self":[{"href":"https:\/\/soejberg.dk\/index.php?rest_route=\/wp\/v2\/pages\/12","targetHints":{"allow":["GET"]}}],"collection":[{"href":"https:\/\/soejberg.dk\/index.php?rest_route=\/wp\/v2\/pages"}],"about":[{"href":"https:\/\/soejberg.dk\/index.php?rest_route=\/wp\/v2\/types\/page"}],"author":[{"embeddable":true,"href":"https:\/\/soejberg.dk\/index.php?rest_route=\/wp\/v2\/users\/2"}],"replies":[{"embeddable":true,"href":"https:\/\/soejberg.dk\/index.php?rest_route=%2Fwp%2Fv2%2Fcomments&post=12"}],"version-history":[{"count":15,"href":"https:\/\/soejberg.dk\/index.php?rest_route=\/wp\/v2\/pages\/12\/revisions"}],"predecessor-version":[{"id":283,"href":"https:\/\/soejberg.dk\/index.php?rest_route=\/wp\/v2\/pages\/12\/revisions\/283"}],"wp:featuredmedia":[{"embeddable":true,"href":"https:\/\/soejberg.dk\/index.php?rest_route=\/wp\/v2\/media\/60"}],"wp:attachment":[{"href":"https:\/\/soejberg.dk\/index.php?rest_route=%2Fwp%2Fv2%2Fmedia&parent=12"}],"curies":[{"name":"wp","href":"https:\/\/api.w.org\/{rel}","templated":true}]}}