{"id":10,"date":"2017-01-21T15:03:45","date_gmt":"2017-01-21T14:03:45","guid":{"rendered":"http:\/\/ny.soejberg.dk\/?page_id=10"},"modified":"2026-01-14T17:07:38","modified_gmt":"2026-01-14T16:07:38","slug":"hjem","status":"publish","type":"page","link":"https:\/\/soejberg.dk\/?page_id=10&lang=da","title":{"rendered":"Hjem"},"content":{"rendered":"<p>Velkommen til Varn\u00e6svigvej 41 og vores landsted med b\u00e5de Campersite til Autocampere, en dejlig f\u00e5reflok og et pilev\u00e6rksted hvor de mest fantastiske pilekreationer bliver til.<\/p>\n","protected":false},"excerpt":{"rendered":"<p>Velkommen til Varn\u00e6svigvej 41 og vores landsted med b\u00e5de Campersite til Autocampere, en dejlig f\u00e5reflok og et pilev\u00e6rksted hvor de mest fantastiske pilekreationer bliver til.<\/p>\n","protected":false},"author":2,"featured_media":0,"parent":0,"menu_order":0,"comment_status":"closed","ping_status":"closed","template":"","meta":{"footnotes":""},"class_list":["post-10","page","type-page","status-publish","hentry"],"_links":{"self":[{"href":"https:\/\/soejberg.dk\/index.php?rest_route=\/wp\/v2\/pages\/10","targetHints":{"allow":["GET"]}}],"collection":[{"href":"https:\/\/soejberg.dk\/index.php?rest_route=\/wp\/v2\/pages"}],"about":[{"href":"https:\/\/soejberg.dk\/index.php?rest_route=\/wp\/v2\/types\/page"}],"author":[{"embeddable":true,"href":"https:\/\/soejberg.dk\/index.php?rest_route=\/wp\/v2\/users\/2"}],"replies":[{"embeddable":true,"href":"https:\/\/soejberg.dk\/index.php?rest_route=%2Fwp%2Fv2%2Fcomments&post=10"}],"version-history":[{"count":3,"href":"https:\/\/soejberg.dk\/index.php?rest_route=\/wp\/v2\/pages\/10\/revisions"}],"predecessor-version":[{"id":48,"href":"https:\/\/soejberg.dk\/index.php?rest_route=\/wp\/v2\/pages\/10\/revisions\/48"}],"wp:attachment":[{"href":"https:\/\/soejberg.dk\/index.php?rest_route=%2Fwp%2Fv2%2Fmedia&parent=10"}],"curies":[{"name":"wp","href":"https:\/\/api.w.org\/{rel}","templated":true}]}}